4
-7
What is the value of -1 - 1 - (-2 - -4)?
-4
What is the value of (3 + 3 - (6 + -1)) + -1?
0
What is 3 + 1 + 2 + -10 + 0?
-4
What is -9 + -8 + 19 - (9 - 2)?
-5
-4 + -1 + (-10 - -13) - 0
-2
0 - (0 - (-2 - 1))
-3
1 - 6 - ((-3 - 1) + 3)
-4
Calculate 0 + (-2 - (-2 - (-4 - -2))).
-2
(-31 - -41) + 4 + -5
9
What is -6 - (-8 + 2) - (2 - -1)?
-3
Evaluate -35 - -37 - (2 - (-2 + 1)).
-1
Calculate (0 - -1) + (-2 - (6 - 5)).
-2
-3 + 5 + -5 + 9
6
What is the value of 2 + (-6 - -3) - 2?
-3
Calculate 0 + 0 - (1 - (-1 - 0)).
-2
-5 + (-1 - (5 + -5)) - -13
7
(-3 - -5) + 0 + (5 - 9)
-2
Calculate 4 + (-2 - -1) + (-10 - -2).
-5
What is the value of -565 - -568 - (1 + 11 + 1)?
-10
What is the value of -9 + 4 + 2 - 0?
-3
What is the value of 1 + -4 + 5 + 0?
2
Evaluate (0 - -7) + -4 + (-1 - 3).
-1
Evaluate -1 + 3 + -1 + -5.
-4
What is (-10 - (11 - 26)) + -2 + -3?
0
What is 13 + -15 - (1 - 4)?
1
Evaluate 16 - (-7 - -15) - (1 - -2).
5
Evaluate 5 + -2 + 0 - (5 - 9).
7
What is 0 + (3 - (-3 + 7))?
-1
0 + 4 + -2 + 13 + -8
7
(7 - 5) + -1 + 2 + -1
2
What is the value of (-18 - (-15 - -6)) + 5?
-4
Calculate -2 + 4 + (1 - 6) + 3.
0
3 + 0 - (3 + 6) - -7
1
(2 - -1) + (1 + -3 - -2)
3
What is the value of -21 + 8 + (-15 - -24)?
-4
10 + -5 + (0 - 0)
5
What is (-4 - (-5 + 2)) + (2 - 4)?
-3
-11 - (-4 + (-5 - 1))
-1
Evaluate -6 - 4 - -3 - (-10 - 1).
4
3 - 9 - 2 - (-11 - 1)
4
Evaluate -24 + 40 - (7 - 1).
10
Evaluate -4 - (1 + 3 + 3 + -13).
2
What is the value of -5 + -14 + 33 + -10?
4
Evaluate 2 - ((-2 - -3) + 1).
0
-1 - (2 + 2) - -1
-4
What is the value of (4 - ((-6 - -2) + 2)) + -3?
3
What is -4 + (3 - (5 - (4 - -2)))?
0
Calculate -1 - (7 - (0 + -2 + 5)).
-5
(2 - (-2 + 5 - 5)) + -5
-1
What is 3 - (1 - (-3 + 3) - -6)?
-4
Evaluate (-4 - -3) + -2 + 3.
0
Evaluate 1 + (23 - (-5 + 18)).
11
What is (-2 - (-1 - -2)) + 1 + -1?
-3
What is (-8 - 0) + 5 + 12 + -1?
8
What is (12 + -6 - 1) + -1?
4
What is the value of -4 + 2 + 0 + 0?
-2
What is -6 + -6 + 17 + -4?
1
What is the value of -8 + 13 + (-2 - (2 - 4))?
5
-5 - (7 - 15) - (-1 + 4)
0
What is the value of -3 + 0 + (-4 - (-2 + 0))?
-5
Evaluate (-14 - -1) + -105 + 117.
-1
Calculate -5 - (14 + -6 + -7).
-6
What is the value of -9 - ((-6 - -2) + 0)?
-5
(1 - 3 - -1) + (-2 - -1)
-2
Calculate 2 + (-3 - -3 - -1).
3
Calculate 3 + (-10 - -18 - (1 + 3)).
7
Evaluate 16 + -8 - (-4 - -9).
3
(-3 - (-23 + 12)) + 0
8
Calculate -1 + 11 - (68 + -59).
1
What is -1 - (-2 + 8 + -3) - -5?
1
Calculate -3 - ((5 - 2) + 1 - 11).
4
What is -3 + 3 - (-4 - -4)?
0
4 + -3 + 3 - (-12 - -17)
-1
What is -1 - ((-9 - -2) + 2 + 1)?
3
What is 27 - 35 - (0 + -5) - 2?
-5
4 + (4 - (14 - 1))
-5
-6 + (-5 - (6 - 17)) + 0
0
Calculate -4 + 5 + (4 - 4).
1
Calculate 0 + (3 - 2) + 0.
1
Calculate (2 - (-1 - -1)) + (-23 - -26).
5
Calculate (-3 - -8) + (-1 - 5) + 6.
5
-1 + 2 + -5 + 2 + -1
-3
Calculate -1 - 0 - ((-12 - -8) + 7).
-4
Evaluate -9 - (-6 + (9 - 6)).
-6
What is -7 - (-24 + 0 + 7)?
10
Evaluate (43 - 34) + -1 + -3.
5
Calculate (-7 - -8) + (1 - (3 - -3)).
-4
What is (-4 - -2) + -1 - -7?
4
What is (-5 - -6) + 2 + 16 + -11?
8
Evaluate -1 + 1 - (-101 + 95).
6
What is -3 - (7 + -3) - (-15 + 10)?
-2
Evaluate -5 + (-13 + 7 - -3).
-8
Calculate 2 + 1 - (1 + -5 + 0).
7
What is 0 + -4 - (-145 + 141)?
0
What is the value of (11 - 6) + -7 + 9?
7
Calculate -6 + 8 - -2 - (7 + -3).
0
-125 - -133 - (16 + -1)
-7
What is the value of 6 - (-8 + -1 + 8)?
7
What is (1 - 10) + (-4 - -13) + -6?
-6
What is -1 + -1 + -1 + (1 - -1)?
-1
What is the value of (2 - -11) + (3 - 6) + -3?
7
What is -4 + -3 + 0 + 7 + 0?
0
-1 - (2 + -3) - 3 - -7
4
Calculate (-6 - -2 - 2) + 10.
4
Evaluate (-3 - ((-10 - -5) + 2)) + 5.
5
What is 1 - 0 - (27 - 22)?
-4
Evaluate -3 + -3 + (19 - 8).
5
What is 0 + -1 + 2 + -1?
0
Evaluate 0 + 0 - ((-11 - -8) + -3).
6
-3 - 4 - (2 + -4)
-5
What is (-1 - 6) + (-6 - (-14 - -1))?
0
Calculate (2 - -4 - 5) + 1.
2
Calculate 5 + (5 - 2) + -6.
2
Evaluate 5 + (1 - (3 + -3)) + -10.
-4
What is (3 - 5) + 0 + 1?
-1
What is 7 + -3 - 1 - -1?
4
What is 2 + (3 - (3 + (-4 - -1)))?
5
What is the value of 6 + (-14 - (-5 + 0 + 1))?
-4
Calculate 0 - (-4 + -3 - -6).
1
-1 + (5 + 1 - 4) - 7
-6
What is (-8 - -1) + 4 - -10 - -1?
8
-10 + 7 - (1 + 1 + 0)
-5
Evaluate (-3 - -2) + (-23 - -22) + 2.
0
1 + -17 + 10 + -4 + 1
-9
2 - ((4 - 4) + 5)
-3
What is -5 - (5 - (9 + 9))?
8
What is (1 - 2) + -5 + 5?
-1
Evaluate -3 - (4 + -4) - (-1 - 3).
1
What is 4 + 0 + -1 + -3?
0
What is the value of 14 - 9 - 0 - (3 + -1)?
3
Calculate 1 - (-3 + 5) - -1 - -5.
5
Evaluate -1 + (-7 + 7 - -2).
1
Evaluate 6 + -7 + 0 + 1 + -1.
-1
Evaluate -1 - (-4 + (8 - 3)).
-2
What is the value of (2 + -3 - -2) + -11 + 11?
1
What is 7 - (7 - 4 - (4 + 0))?
8
What is the value of 6 + (-15 - -20 - 6)?
5
Calculate -1 + (-6 - (-1 + -2)) + -3.
-7
What is (4 - 2) + -19 + 20 + 2?
5
Calculate 2 + (-2 + 1 - 5) - -2.
-2
Evaluate 17 + -18 + (4 - (3 + -2)).
2
What is 3 + 0 + -3 + 5?
5
What is (-2 - 2 - -1) + 7?
4
What is the value of (-9 - (-4 - -2)) + 10?
3
What is (2 - 3 - (4 - 7)) + 1?
3
What is the value of 7 + -4 - 2 - 0?
1
(-1 - -1) + (8 - 10)
-2
Calculate 7 + (-3 - -3) - (1 + 2).
4
What is the value of 3 - -3 - (3 - -7)?
-4
Evaluate -1 + -2 + (4 - 2 - 3).
-4
What is the value of (-23 + 14 - -8) + 9?
8
What is 1 + (4 - -1) + 0 + -11?
-5
What is the value of 1 + (3 - ((-1 - 0) + 1))?
4
Evaluate -6 - 6 - (7 + -14).
-5
What is the value of 5 + -1 + 2 + 1 + -4?
3
-8 + 13 - 9 - 5
-9
What is the value of 7 - (8 + 3 + 1)?
-5
What is 8 + -2 + (-5 - (-1 + -1))?
3
4 - (-4 + 8 - 16 - -8)
8
What is -2 - (-3 + 1) - (6 - 10)?
4
What is the value of -7 + -4 - (1 + -10)?
-2
Evaluate 2 + -2 + 1 + -2 - 0.
-1
Calculate -9 - (3 - (2 - -5)).
-5
What is (11 - -1) + -6 - 11?
-5
Calculate 24 + -30 + -1 + 4.
-3
Evaluate 2 + (4 - (6 - (-4 - -12))).
8
8 - ((1 - -3) + -5 + 5)
4
What is -1 + (-4 - -5 - 3) - -3?
0
Calculate -5 - (-6 - 0 - -4).
-3
Evaluate 7 + -4 + 1 - (-3 - -3).
4
-5 - (-5 + 4 + -5)
1
Evaluate (-26 - -26) + (0 - 6).
-6
Evaluate (3 - (1 - 0)) + (-46 - -49).
5
What is the value of -2 + 6 + 5 + -5?
4
-4 + 6 - 2 - -5
5
Calculate 3 + -1 + (-15 - -14).
1
What is the value of (8 + -8 - 0) + (-2 - 4)?
-6
-8 + ((-7 - -1) + 0 - -7)
-7
Calculate -4 + -2 + (-2 - -7) + -1.
-2
Evaluate (-1 - -2 - 4 - 3) + 7.
1
Calculate 4 + (0 + 3 - (9 - -1)).
-3
What is the value of -19 - -11 - (9 - 7)?
-10
4 + (-1 + 7 + 1 - 20)
-9
What is 1 - -9 - (126 - 123)?
7
-1 - (-2 + -10) - (-1 - -9)
3
What is 11 - (10 + 8) - (0 - 2)?
-5
Evaluate -24 - -24 - (-4 + 0).
4
What is -76 + 80 - (0 + 0)?
4
0 + -2 + 7 + -3 + -7
-5
What is the value of 9 - (10 + (-1 - 6))?
6
Calculate -10 - (-7 + -2 + 2).
-3
Evaluate -1 - ((1 - -1) + -6).
3
What is 15 - 22 - (-7 + -4)?
4
21 - 15 - ((18 - 3) + -3)
-6
What is the value of -11 + 22 + -18 + 3?
-4
What is -2 + -1 - (-17 + (10 - 2))?
6
0 + 3 + (5 - 2 - 5)
1
What is the value of (2 + -8 - -4) + 8?
6
What is the value of -5 - 0 - -10 - 7 - -1?
-1
4 - ((-2 - -11) + -7)
2
What is -3 + -1 + 1 + 7 - 1?
3
Evaluate -4 - (-7 - (0 - 3)).
0
What is the value of (-2 - 3 - (-14 - -7)) + 6?
8
Calculate 2 + 6 - (29 + -27).
6
What is the value of -4 - ((-3 - 3) + 5)?
-3
What is -1 + (3 - (5 - 2 - -3))?
-4
Evaluate (0 - 1) + -5 + (-378 - -393).
9
What is 3 - (4 - 3) - -1?
3
What is the value of 7 + (4 - 1) + -5 + -3?
2
-10 - (-15 - (4 + -5))
4
1 + (4 - 2) + -4
-1
What is 14 + -3 - 7 - 4?
0
What is the value of (1 - 2) + 4 - 4?
-1
Calculate -12 + 3 + 3 + 1 - -5.
0
What is the value of 13 - -2 - (-31 - -39)?
7
Calculate -12 - -5 - (-6 + 8).
-9
Evaluate 1 + 4 - (1 - (6 + -8)).
2
8 - (-6 - (-17 - -8))
5
What is the value of -56 - -44 - (-1 - 6)?
-5
Evaluate 1 - 5 - (3 + -1 - 5).
-1
Evaluate (-1 - (1 + 1)) + -4 - 1.
-8
Calculate -6 + 6 - (-1 - -2) - 0.
-1
Calculate 2 - 1 - 1 - 1.
-1
What is the value of -1 - (2 + -2 + 0)?
-1
Calculate 3 - (4 - (4 - 0)).
3
5 - (0 - 2 - (2 - 7))
2
What is the value of 7 + -6 + 3 - -1?
5
What is -3 + -6 + 4 + (5 - 0)?
0
What is -4 - (-2 + 0 + -2)?
0
Calculate (-5 - (2 + -3)) + 3 + -1.
-2
-5 + (1 - -5 - (2 - 3))
2
Calculate -1 + 2 - (3 + -2).
0
What is the value of 6 + (-3 - -2) - -1?
6
Evaluate (7 - 1) + (-4 - -6) + -2.
6
What is -41 + 48 - (-1 + -1)?
9
What is the value of -4 + (-6 + 6 - -4)?
0
What is 1 + -7 + 24 + -12 + -4?
2
Calculate -3 + (5 - 10) + 3.
-5
Evaluate (-9 